common divisor of c and 24.
12
Let o be ((-1904)/170)/((-10)/75). Calculate the highest common factor of 7833 and o.
21
Suppose 0 = 5*k - 3*x - 9457, -x + 0*x + 1893 = k. What is the greatest common divisor of 44 and k?
44
Let i = 367 - -636. Calculate the greatest common factor of 17 and i.
17
Let i = 39432 + -39165. Calculate the greatest common factor of i and 50997.
267
Let v be ((-156)/(-10))/((-582)/(-3880)). What is the highest common factor of 182 and v?
26
Let z be ((-12)/7)/(12/(-126)). Suppose 4*m + z = u, 4*u = -4*m + 126 + 26. Let t = -11995 + 12029. Calculate the highest common factor of t and u.
34
Suppose 8*n = -4*n + 72. Let t(y) = 22*y**2 - 2*y - 4. Let o be t(-6). Suppose -n*m = -2*m - o. Calculate the highest common divisor of 25 and m.
25
Let d(l) = l**3 + 9*l**2 + 15*l + 2. Let m be d(-5). What is the highest common divisor of 1917 and m?
27
Let s(g) = -g**3 - 38*g**2 + 34*g + 115. Let x be s(-39). Calculate the highest common factor of x and 155.
155
Suppose 3*s + 5*d - 110 = 0, -3*s = 2*s + 5*d - 180. Suppose -5*g + 195 = -4*g. Let n = 202 - g. Calculate the highest common factor of n and s.
7
Let r(s) = 11*s**2. Let w be 7 + (-6)/(-9)*-3. Suppose 51 - 46 = -w*n. Let m be r(n). What is the highest common divisor of m and 132?
11
Suppose -19*l = -5*l - 4*f - 4900, -5*f + 700 = 2*l. Let q be ((-10)/(-6))/((-1)/(-21)). What is the highest common factor of l and q?
35
Suppose -170 = -5*t - 5*z - 55, -3*z = -9. Suppose -2*m = 10, -s + 3*s - t = -4*m. Suppose 21 + 4 = 5*h. What is the greatest common factor of h and s?
5
Let k be (-234)/(-14) + (-2)/(-7). Suppose 0 = -2*g - 3*i + 40, 3*g = -3*i + 77 - 20. Calculate the highest common factor of g and k.
17
Suppose 3*s - 3648 = -4*p, 59*p - 3 = 58*p. What is the greatest common factor of 36 and s?
12
Let z be (5*(-6)/(-45))/(120/794700). Calculate the greatest common divisor of 5 and z.
5
Let g be (-100965)/(-901) - 1/17. Calculate the highest common divisor of 2864 and g.
16
Let b(x) = 2*x - 9 + 2*x**2 - 6 + 2 + 7*x - 3. Let c be b(3). Calculate the greatest common factor of c and 377.
29
Let i = -9321 - -9713. Calculate the greatest common factor of 8 and i.
8
Let x(r) = 13*r**2 - 211*r - 126. Let y be x(17). What is the greatest common divisor of y and 66?
22
Let t = -2 + 8. Let p(f) = -f**3 + 8*f**2 - 6*f - 6. Let k be p(t). Suppose -19*l + 7*l = -180. Calculate the highest common factor of l and k.
15
Let j = 4251 - 4041. Calculate the greatest common divisor of j and 300.
30
Suppose -5*j = 5*b - 8*b + 34, 3*b - 26 = 4*j. Let u be (1232/(-132))/(j/114). Calculate the greatest common factor of u and 19.
19
Let f = -692 + 1209. Suppose -454 = 9*j - f. Calculate the highest common divisor of j and 21.
7
Let k be -2*(6717/(-42) + (-6)/(-14)). What is the greatest common divisor of 11 and k?
11
Let x(r) = 12*r**2 + 21*r - 48. Let v be x(2). Calculate the greatest common factor of v and 20370.
42
Let w be (-1)/(-3) - 112/(-24). Let m(u) = u**3 - u + 2. Let y be m(4). Suppose -12 = w*d - y. What is the greatest common factor of 5 and d?
5
Suppose -4*f + 1080 = -5*i, 3*f - 7*i + 2*i = 805. Suppose f*s = 273*s + 676. Calculate the greatest common divisor of 26 and s.
26
Let y(c) = -3 + 4 + c + 12. Let l be y(-15). Let r be 17/((-3)/(96/l)). Calculate the greatest common divisor of 34 and r.
34
Suppose 10*d - 92 = 5*d - 2*s, 59 = 3*d + 5*s. Suppose -c - u = -4*c + 44, c - 2*u = d. Calculate the greatest common divisor of c and 98.
14
Let v be 60/24*2944/5. What is the highest common factor of 23 and v?
23
Let s(t) = t + 20. Let o be s(0). Let u = 131 - 119. Suppose 0 = u*k - 736 + 136. Calculate the highest common divisor of k and o.
10
Let k = 1592 + 194. What is the greatest common divisor of 38 and k?
38
Let i(j) = 177*j + 538. Let y be i(-3). Let k be 1/((-2)/(-4)) + 110. What is the greatest common factor of y and k?
7
Suppose -25*f + 254447 = 201*f - 1174099. What is the greatest common factor of 258 and f?
129
Let s(v) be the third derivative of -v**6/120 + 13*v**5/60 + 2*v**4/3 - v**3/3 - v**2 - 5. Let j be s(14). What is the greatest common divisor of j and 117?
13
Let y = 2278 - 1298. What is the highest common divisor of 200 and y?
20
Let k be (-30382)/(-55) + 18 + 4/(-10). Calculate the greatest common factor of 150 and k.
30
Let i(m) = -53*m**2 - m + 5. Let q be i(0). Calculate the greatest common factor of 29 and q.
1
Let b(k) = 5*k - 209. Let d be b(46). Suppose 2*n + d*n - 184 = 0. Calculate the greatest common factor of n and 88.
8
Let f be 51*(21/(-9) - -1). Let x = 501 - 382. Let t = x + f. What is the highest common factor of t and 17?
17
Let x = 77 + -6. Let n = 92 - x. Let r(q) = -9*q - 9. Let a be r(-8). What is the highest common factor of n and a?
21
Let d(y) = 9*y - 18*y - 21 + 5 - 14*y. Let w be d(-4). Let n be ((-3)/(-6))/(2/w). What is the highest common factor of 1 and n?
1
Let x(y) = -y**2 - 35*y + 157. Let i be x(-39). Let t be (-1 + -4 + 4)/i*-45. Let f be 45/2*(-16)/(-10). Calculate the greatest common divisor of f and t.
9
Let l(n) = 23 - 69*n + 23 + 64*n. Let y be l(-10). What is the greatest common factor of 72 and y?
24
Let b = -4373 - -5264. Calculate the greatest common factor of 162 and b.
81
Let a(c) = -452*c + 965. Let w be a(1). What is the greatest common divisor of w and 81?
27
Suppose 14 + 7 = 7*f. Suppose 2*z = -2*i - 2*z - 32, f*z = -3*i - 57. Let n = i - -157. Calculate the greatest common factor of 27 and n.
27
Suppose 4*l + 536 - 544 = 2*i, -3*l - i + 11 = 0. Calculate the greatest common factor of l and 33.
3
Let k be 1/((-14)/(-4)) - 134330/931. Let w be (-8)/(-36) - 3280/k. Let z be 3039/12 + (-1)/4. What is the highest common divisor of z and w?
23
Let t(b) = 5*b**2 - 4*b - 15. Let y be t(-4). Suppose 7*f - 4*f + 2*g - y = 0, -27 = -f - 4*g. What is the greatest common divisor of f and 216?
27
Suppose -68*d + 1064 = 8*d. What is the greatest common divisor of d and 19054?
14
Suppose -3*b + 7*b + 26 = 3*j, -b + 10 = 2*j. Let n be 392 - (-5 + 72/j). What is the greatest common divisor of n and 110?
55
Let u be 6*-6*(-11)/(-11). Let a be 7/3 - 456/u. What is the highest common divisor of a and 210?
15
Let l(w) = 17*w**3 - 34*w**2 + 161*w - 4. Let f be l(6). Calculate the greatest common factor of 31 and f.
31
Let s = 6424 - 6415. What is the greatest common factor of s and 4311?
9
Let z(x) = x**2 + 11*x + 21. Let o be z(-9). Let r(l) = -3*l + 58 - 4*l**o - 9*l - l**3 - 73. Let n be r(-3). Calculate the highest common divisor of 12 and n.
12
Suppose 2*w = 5*c + 119, -12*w - 4*c - 124 = -14*w. Suppose 38*h - 32*h = w. Calculate the highest common factor of h and 132.
12
Let o = 749 - 1077. Let j = 340 + o. What is the greatest common divisor of 72 and j?
12
Let k be -2 + (-882)/(-8) + (-6)/24. Let l = -17 + k. Suppose 3*m = 16*m - l. Calculate the highest common factor of m and 28.
7
Let v(j) = -24*j. Let u be v(-6). Suppose -1875 + 1393 = -70*g + 2878. Calculate the highest common factor of g and u.
48
Suppose -4*h + c = 3*c - 56, 3*c - 20 = -2*h. Suppose 5*d - 473 = -2*l - 399, 0 = -4*d + 2*l + 70. Calculate the greatest common divisor of h and d.
16
Suppose -6 - 15 = 3*m. Let u(y) = y**2 + 9*y + 15. Let j be u(m). Let r = 908 - 907. Calculate the highest common divisor of j and r.
1
Suppose -2*c + 3*a + 7 + 9 = 0, 18 = c - 4*a. Let d = c + 0. Suppose -3*l + 24 = 2*j, d*j - l + 6*l = 28. Calculate the greatest common divisor of j and 18.
9
Let j be (-32)/28 + (-2568)/(-42). Let p be 33 + 4 + -7 - 0. Calculate the highest common factor of p and j.
30
Let v = -64 - -69. Suppose 5*a = v*z + 40, a + 5*z - 5 = 33. Let t = 207 + -64. What is the highest common factor of t and a?
13
Let n be (8/(-24))/((-2)/12). Let w(h) = 12*h**2 + h - 1. Let i be w(1). Let r be (-9)/i - (-105)/12. Calculate the highest common divisor of n and r.
2
Let u be 1*-1*(27 - 18). Let a be 12 + (-3 - u)/(-2). What is the highest common factor of 270 and a?
9
Suppose -4*h + 169 + 299 = 0. Suppose 2382 = -0*z - 6*z. Let f = 410 + z. What is the greatest common divisor of f and h?
13
Let d be (-100)/(-6)*(-1302)/(-155). Let t be 56*(27/63)/((-4)/(-14)). What is the greatest common divisor of t and d?
28
Suppose 0 = -5*k + 5*r + 1915, -31*k + 26*k + 1903 = -r.